t).
2
Suppose -5*n + 8*n - 15 = 0. Let z(u) = -u**3 - u**2 - 5*u. Let p = -15 + 8. Let b(y) = y**3 + 5*y - 1. Let r(f) = p*b(f) - 6*z(f). Determine r(n).
7
Let g(t) = -3*t**3 - 6*t**2 + 5*t + 5. Let q(m) = m**3 + m**2 - m - 1. Let h(z) = -g(z) - 4*q(z). Determine h(2).
-3
Let i be (24 - 22)/((-4)/(-6)). Let z(d) be the first derivative of -d**3 - i + d - 1/2*d**2. Give z(-2).
-9
Let d(k) be the second derivative of k**3/2 - 3*k**2 - 254*k. What is d(-5)?
-21
Suppose 0 = 3*r + 5*m - 27, 2*r - m = 2*m - 1. Suppose 0 = 4*c, -r*f = -f - 5*c - 6. Let k(s) = -s**2 - 2*s - 1. Give k(f).
-9
Let z = -12 - -16. Let h(y) = -2*y - 2. Let c(t) = -22*t - 18. Let d(g) = -3*c(g) + 30*h(g). Determine d(z).
18
Suppose -20*q + 952 = 852. Let s(n) = 1. Let t(j) = -3*j. Let m(i) = -6*s(i) - t(i). Calculate m(q).
9
Let f be (0 + 0)/(3 - 2). Suppose 0 = 3*l - f + 6. Let u(h) be the first derivative of -4*h**3/3 - 3*h**2/2 - 2*h + 162. Calculate u(l).
-12
Suppose -2*f = 8, b - 26 = -4*b + 4*f. Let k(u) = -14*u**b - 2 + 2 + 6*u + 15*u**2. What is k(-5)?
-5
Let x(i) = -i**3 - i**2 + 4*i + 1. Let k = 68 + -58. Suppose 0 = k*w - 6*w + 12. What is x(w)?
7
Suppose 18*n + 15 = 3*n. Let x(s) be the third derivative of -3*s**5/10 + s**4/24 + s**3/6 + 5*s**2. Calculate x(n).
-18
Let a be (-4)/1*(-259)/148. Let x(g) = -g**2 + 10*g - 7. Give x(a).
14
Let o(q) be the first derivative of q**4/4 + 26*q**3/3 - q**2 - 59*q - 245. Give o(-26).
-7
Suppose 5*b - 28 = -2*b. Let j be (1 - 2)*b/((-4)/5). Let w(m) = m**2 - 6*m + 4. What is w(j)?
-1
Let c be 2 - ((-1)/6 - (-284)/(-24)). Let m be c/35 + 4/(-10). Let w(x) = -x**3 - x**2 + x + 16. Give w(m).
16
Let b = -103 - -106. Let q(u) = 490*u + b*u**2 - 4*u**2 - 489*u + 6. Let v be 0/(2/((-2)/1)). Calculate q(v).
6
Let a(p) = 8*p - 124. Let v(z) = 4*z - 61. Let m(j) = -4*a(j) + 9*v(j). Determine m(13).
-1
Let d(c) = 5*c**2 + 14*c + 11. Let t(g) = -16*g**2 - 43*g - 36. Let r(u) = 19*d(u) + 6*t(u). Determine r(6).
5
Let h(s) = -s**3 + 2*s**2 - 1. Let w(y) = -6*y**3 + 6*y**2 - 3. Let k(l) = -3*h(l) + w(l). Calculate k(-1).
3
Let d(l) be the third derivative of -5*l**4/24 + l**3/6 - l**2 + 30. Give d(1).
-4
Let l(j) = -4*j + 45. Let f be l(9). Let s(r) = 2*r**2 - 18*r - 9. Calculate s(f).
-9
Let g be (-112)/(-5) - (-6)/(-15). Let w = 39 - g. Let c(z) = 3*z - 2*z - w + 23. What is c(-3)?
3
Suppose -4*n - 2*u + 24 = -6*u, 0 = 4*n + 5*u + 3. Let x = -385 - -390. Let l(k) = k - 8. Let w(f) = -2*f + 15. Let p(a) = n*w(a) + x*l(a). Determine p(0).
5
Let s be (16/6)/(24/18). Let x(c) = -3*c**3 + 2*c**2 + 2*c - 1. Determine x(s).
-13
Let r(j) be the first derivative of -j**3/3 - j**2 - 6*j - 19. Let a(c) = -5*c**2 - 11*c - 29. Let u(n) = -2*a(n) + 11*r(n). Give u(0).
-8
Let u(z) = -z**2 - 4*z. Let s(w) = 4*w**2 + 19*w - 5. Let h(j) = -s(j) - 3*u(j). Give h(-7).
5
Let l be (-7)/(-2) + (-12)/8. Let i(c) be the first derivative of -2*c**2 - 2*c + 3*c**2 + 5 + c**l. What is i(3)?
10
Let w(s) = -2*s**3 - 2*s**2 + 2*s + 4. Let t be w(-2). Let b be -15*t/12 - -5. Let o(z) = z**2 + 5*z - 4. Determine o(b).
-4
Let k(f) = -f - 1. Let a be k(-4). Let x(i) = 1912*i - 2. Let p(q) = -191*q. Let v(h) = -10*p(h) - x(h). Calculate v(a).
-4
Let u(p) = p**3 + 3*p**2 + p + 1. Let m = -11 + 23. Suppose -4*h - m = -t, 2*h = t - h - 7. Let o = -11 - t. Calculate u(o).
-2
Let s be (-23)/(-5) + 3/(-5). Let d(x) = -3*x**2 - 7*x + 10. Let a(t) = -4*t**2 - 8*t + 11. Let c(z) = -4*a(z) + 5*d(z). Give c(s).
10
Let l = -4 + -1. Let g(a) = a + 3*a**3 + 50 - 50 - 2*a**3 - a**2. Let p(r) = 6*r**3 - 6*r**2 + 4*r + 4. Let n(f) = l*g(f) + p(f). Determine n(0).
4
Let p(z) be the third derivative of -z**4/6 + z**3/3 + 185*z**2. Calculate p(-8).
34
Let z(y) = -6*y**2 + 9*y + 4. Let m(k) = 2*k**2 + 17*k - 4. Let s be m(-9). Let u(x) = -5*x**2 + 9*x + 3. Let t(g) = s*u(g) - 4*z(g). Give t(8).
7
Let v(z) = z - 2. Suppose -5*r = -2*r - 48. Let s be (-100)/10 - 4 - 0. Let t = r + s. What is v(t)?
0
Let d(w) be the second derivative of -w**7/840 + 7*w**6/360 - w**5/60 + 5*w**4/24 + 13*w**3/6 + 20*w. Let o(t) be the second derivative of d(t). Determine o(7).
-9
Let z(s) = s. Let y be (-160)/(-400) + 1/(-5)*52. What is z(y)?
-10
Let y(t) = -9*t + 2. Suppose -789 + 786 = -x. Calculate y(x).
-25
Let s(u) = u**2 - u - 1. Let o(j) = -j**2 - 54*j + 172. Let a be o(3). Calculate s(a).
-1
Let w(c) = c**3 - 5*c**2 + 2*c + 2. Let q = -18 + 22. Suppose 0*n = 4*h + 3*n + 3, -5*h = 4*n + q. Suppose 2*d - f = -4*f + 16, 3*d + f - 17 = h. Give w(d).
12
Let k(z) = -3*z**2 + 8*z - 3*z - 7*z + 8*z**3 + 6*z**2 - 9*z**3. Determine k(1).
0
Let r(a) = -7*a + 3. Let c(p) = 68*p + 209. Let t be c(-3). Determine r(t).
-32
Suppose -564*u + 561*u = -12. Let q(i) be the second derivative of -1/12*i**4 + 1/2*i**2 + u*i + 0*i**3 + 0. Give q(-4).
-15
Let s(z) = z**2 - 7*z - 6. Let a = -44 - -47. Suppose -a*p + 4*u = -4, -5*u + 20 = -p + 3. What is s(p)?
2
Suppose 7*l - 2*l - 15 = 0. Let x(j) = -9*j**3 + 3*j**2 + 8*j**3 + 4 - 2*j + 0*j**3 - j + 0*j. Determine x(l).
-5
Let j(z) = -8*z + 1. Let d be (-35)/(-49)*(-7)/(-1). Let f(y) = -3*y. Let u(g) = d*f(g) - 2*j(g). Calculate u(0).
-2
Suppose -62*n + 5*b + 43 = -64*n, n + 2*b = -19. Let p(r) = -r**2 - 10*r + 1. Determine p(n).
10
Suppose -q + 2*b = -3, -2*q + 7 = b - 4*b. Let u(a) be the second derivative of a**3/6 - 3*a**2 - 12*a - 1. Determine u(q).
-1
Let k(w) be the second derivative of -w**5/20 - 3*w**4/4 - 7*w**3/3 + 2*w**2 + 18*w. Let c be k(-7). Let q(u) = -u**3 + 4*u**2 - 3*u. Calculate q(c).
-12
Let v(l) = 12*l - 20*l - 11 + 4. Let y(w) = -3*w - 4. Let r(f) = 3*v(f) - 5*y(f). Suppose -5*k = 4*p - p + 2, 0 = -5*k - 4*p - 1. Determine r(k).
8
Suppose 0 = 5*m - 3*t + 14, 0 = -4*m - 53*t + 52*t - 18. Let v(d) = 0*d**2 - 2 + 3*d**2 - 4*d**2 - 4*d. Give v(m).
-2
Let v be (6/10)/(1/(-15)). Let a = v - -11. Let h(f) = 7*f - f - 3*f - a*f. Calculate h(2).
2
Suppose -8*b - 5*a = -6*b - 1, -2*b = 3*a + 5. Let p(i) = -i**3 - 6*i**2 + 6*i + 7. Give p(b).
14
Let w(o) = o**2. Let i = -36 - -42. Suppose -i*m + 9*m = 3. Calculate w(m).
1
Suppose -8 = -6*r + 4*r, -4*z + 52 = -4*r. Let q(v) = 38 - z - 11 - 2*v - 17. Let x = -5 + -1. Give q(x).
5
Let v(g) = g**3 + g**2 - g + 2. Let r(h) = h**3 - 5*h**2 + 7*h - 8. Let t be r(4). Suppose 5*d - t*d = -2. What is v(d)?
0
Let m(w) be the second derivative of -w**5/20 - w**4/12 - w**3/6 + 9*w**2/2 - 95*w. Suppose 4*a = -0*a. Determine m(a).
9
Let f(z) = 12*z**2. Suppose 5 = b + 5*n, -3*b + 0 + 29 = n. Suppose c - b = -0. Let u be (-8)/c - 1/5. Give f(u).
12
Let g(o) = -4*o + 5. Let b = -94 - -98. Calculate g(b).
-11
Suppose -34*j - 4 = -35*j. Let b(l) = -l**2 - 82*l + 36*l - j + 40*l. Calculate b(-6).
-4
Let n(b) be the third derivative of b**6/120 - b**5/6 - b**4/12 - 7*b**3/3 - 2*b**2 + 10. Calculate n(10).
-34
Let g(d) be the third derivative of d**6/360 + 5*d**4/24 + 7*d**3/6 - 7*d**2. Let c(w) be the first derivative of g(w). Calculate c(0).
5
Let z(d) be the second derivative of d**7/840 + d**6/90 + d**4/8 + 7*d**3/3 + 24*d. Let s(c) be the second derivative of z(c). Determine s(-4).
3
Let j(r) = -3*r**2. Suppose 4*h + 5 = 13. Suppose -2*m = h*u - 22, -3*m - 2*m + 5*u = -55. Suppose -5*c - 2*q - m = 0, -q - 2 = 5*c - 2*q. Give j(c).
-3
Let b(q) = -q - 1. Let f(o) = -2*o - 2. Let y be 3 - (3/(-12) - 5/(-4)). Let r(t) = y*b(t) - 2*f(t). Determine r(-4).
-6
Suppose 1 - 8 = -d + 5*n, 2*n + 2 = 0. Let a be 9/d + (-6)/12. Let h(u) = u**2 - 2*u - 4. Determine h(a).
4
Let f(p) = -p + 3. Let q be f(-8). Let o(d) = d**2 - 2. Let u(j) = 5*j**2 - 9. Let r(x) = q*o(x) - 2*u(x). Let h be -3 + 2 - 0 - -1. Calculate r(h).
-4
Let y(r) = r**2 + 2. Let s = 73 - 73. Suppose 1 = g, -3*u + s*g = 4*g + 2. What is y(u)?
6
Let b(m) be the third derivative of -m**5/60 + 7*m**4/24 - 5*m**3/6 - 262*m**2. Give b(6).
1
Let i(l) = l**3 - 4*l**2 - 3*l - 1. Suppose -2*b + 6 = b. Suppose 20 = 2*w + b*w. Calculate i(w).
9
Let x(a) = -a**2 - 11*a - 21. Suppose 9*i + 423 = -38*i. Give x(i).
-3
Suppose 5*q - 3*q = 2*i + 2, 28 = 4*q + 4*i. Suppose q*h - 4 = 0, 4*h - 17 = -g + 5. Let y = g + -17. Let l(k) = k**2 - k. Calculate l(y).
0
Let w(m) = -13*m - 24. Let c(v) = -15*v - 23. Let n(u) = -6*c(u) + 7*w(u). Determine n(-20).
-10
Let x(z) = z**2 + 6*z - 6. Let u(b) = -2*b**